[INFO] cloning repository https://github.com/meddle0x53/arith-rust
[INFO] running `Command { std: "git" "-c" "credential.helper=" "-c" "credential.helper=/workspace/cargo-home/bin/git-credential-null" "clone" "--bare" "https://github.com/meddle0x53/arith-rust" "/workspace/cache/git-repos/https%3A%2F%2Fgithub.com%2Fmeddle0x53%2Farith-rust", kill_on_drop: false }`
[INFO] [stderr] Cloning into bare repository '/workspace/cache/git-repos/https%3A%2F%2Fgithub.com%2Fmeddle0x53%2Farith-rust'...
[INFO] running `Command { std: "git" "rev-parse" "HEAD", kill_on_drop: false }`
[INFO] [stdout] cf51b0fcd0338bb01e9aa4ccad4db648e8dd2017
[INFO] checking meddle0x53/arith-rust against master#af3c6e733a40e671550e0f0f5aeecaa13772ba56 for pr-74989
[INFO] running `Command { std: "git" "clone" "/workspace/cache/git-repos/https%3A%2F%2Fgithub.com%2Fmeddle0x53%2Farith-rust" "/workspace/builds/worker-3/source", kill_on_drop: false }`
[INFO] [stderr] Cloning into '/workspace/builds/worker-3/source'...
[INFO] [stderr] done.
[INFO] validating manifest of git repo https://github.com/meddle0x53/arith-rust on toolchain af3c6e733a40e671550e0f0f5aeecaa13772ba56
[INFO] running `Command { std: "/workspace/cargo-home/bin/cargo" "+af3c6e733a40e671550e0f0f5aeecaa13772ba56" "read-manifest" "--manifest-path" "Cargo.toml", kill_on_drop: false }`
[INFO] started tweaking git repo https://github.com/meddle0x53/arith-rust
[INFO] finished tweaking git repo https://github.com/meddle0x53/arith-rust
[INFO] tweaked toml for git repo https://github.com/meddle0x53/arith-rust written to /workspace/builds/worker-3/source/Cargo.toml
[INFO] crate git repo https://github.com/meddle0x53/arith-rust already has a lockfile, it will not be regenerated
[INFO] running `Command { std: "/workspace/cargo-home/bin/cargo" "+af3c6e733a40e671550e0f0f5aeecaa13772ba56" "fetch" "--locked" "--manifest-path" "Cargo.toml", kill_on_drop: false }`
[INFO] running `Command { std: "docker" "create" "-v" "/var/lib/crater-agent-workspace/builds/worker-3/target:/opt/rustwide/target:rw,Z" "-v" "/var/lib/crater-agent-workspace/builds/worker-3/source:/opt/rustwide/workdir:ro,Z" "-v" "/var/lib/crater-agent-workspace/cargo-home:/opt/rustwide/cargo-home:ro,Z" "-v" "/var/lib/crater-agent-workspace/rustup-home:/opt/rustwide/rustup-home:ro,Z" "-e" "SOURCE_DIR=/opt/rustwide/workdir" "-e" "CARGO_TARGET_DIR=/opt/rustwide/target" "-e" "CARGO_HOME=/opt/rustwide/cargo-home" "-e" "RUSTUP_HOME=/opt/rustwide/rustup-home" "-w" "/opt/rustwide/workdir" "-m" "1610612736" "--user" "0:0" "--network" "none" "rustops/crates-build-env@sha256:d92eaeed33fa75130ca1ee6c8a01d1ffb62bac859dfdfb3450e3e5d1c0146529" "/opt/rustwide/cargo-home/bin/cargo" "+af3c6e733a40e671550e0f0f5aeecaa13772ba56" "metadata" "--no-deps" "--format-version=1", kill_on_drop: false }`
[INFO] [stdout] 98bf64ca824be89772d2accff6654dc17125301c215b7db8e9d60e670fb4c54b
[INFO] [stderr] WARNING: Your kernel does not support swap limit capabilities or the cgroup is not mounted. Memory limited without swap.
[INFO] running `Command { std: "docker" "start" "-a" "98bf64ca824be89772d2accff6654dc17125301c215b7db8e9d60e670fb4c54b", kill_on_drop: false }`
[INFO] running `Command { std: "docker" "inspect" "98bf64ca824be89772d2accff6654dc17125301c215b7db8e9d60e670fb4c54b", kill_on_drop: false }`
[INFO] running `Command { std: "docker" "rm" "-f" "98bf64ca824be89772d2accff6654dc17125301c215b7db8e9d60e670fb4c54b", kill_on_drop: false }`
[INFO] [stdout] 98bf64ca824be89772d2accff6654dc17125301c215b7db8e9d60e670fb4c54b
[INFO] running `Command { std: "docker" "create" "-v" "/var/lib/crater-agent-workspace/builds/worker-3/target:/opt/rustwide/target:rw,Z" "-v" "/var/lib/crater-agent-workspace/builds/worker-3/source:/opt/rustwide/workdir:ro,Z" "-v" "/var/lib/crater-agent-workspace/cargo-home:/opt/rustwide/cargo-home:ro,Z" "-v" "/var/lib/crater-agent-workspace/rustup-home:/opt/rustwide/rustup-home:ro,Z" "-e" "SOURCE_DIR=/opt/rustwide/workdir" "-e" "CARGO_TARGET_DIR=/opt/rustwide/target" "-e" "CARGO_INCREMENTAL=0" "-e" "RUST_BACKTRACE=full" "-e" "RUSTFLAGS=--cap-lints=forbid" "-e" "CARGO_HOME=/opt/rustwide/cargo-home" "-e" "RUSTUP_HOME=/opt/rustwide/rustup-home" "-w" "/opt/rustwide/workdir" "-m" "1610612736" "--user" "0:0" "--network" "none" "rustops/crates-build-env@sha256:d92eaeed33fa75130ca1ee6c8a01d1ffb62bac859dfdfb3450e3e5d1c0146529" "/opt/rustwide/cargo-home/bin/cargo" "+af3c6e733a40e671550e0f0f5aeecaa13772ba56" "check" "--frozen" "--all" "--all-targets" "--message-format=json", kill_on_drop: false }`
[INFO] [stdout] 81d37474159d7780b73c5d73775b8233bf4440bc512ac8206e6a3da2fc57a226
[INFO] [stderr] WARNING: Your kernel does not support swap limit capabilities or the cgroup is not mounted. Memory limited without swap.
[INFO] running `Command { std: "docker" "start" "-a" "81d37474159d7780b73c5d73775b8233bf4440bc512ac8206e6a3da2fc57a226", kill_on_drop: false }`
[INFO] [stderr]     Blocking waiting for file lock on package cache
[INFO] [stderr]     Blocking waiting for file lock on package cache
[INFO] [stderr]     Blocking waiting for file lock on package cache
[INFO] [stderr]     Blocking waiting for file lock on package cache
[INFO] [stderr]     Checking arith v0.1.0 (/opt/rustwide/workdir)
[INFO] [stdout] warning: `...` range patterns are deprecated
[INFO] [stdout]   --> src/lexer.rs:41:16
[INFO] [stdout]    |
[INFO] [stdout] 41 |             'a'...'z' | 'A'...'Z' => {
[INFO] [stdout]    |                ^^^ help: use `..=` for an inclusive range
[INFO] [stdout]    |
[INFO] [stdout]    = note: `#[warn(ellipsis_inclusive_range_patterns)]` on by default
[INFO] [stdout] 
[INFO] [stdout] 
[INFO] [stdout] warning: `...` range patterns are deprecated
[INFO] [stdout]   --> src/lexer.rs:41:28
[INFO] [stdout]    |
[INFO] [stdout] 41 |             'a'...'z' | 'A'...'Z' => {
[INFO] [stdout]    |                            ^^^ help: use `..=` for an inclusive range
[INFO] [stdout] 
[INFO] [stdout] 
[INFO] [stdout] warning: `...` range patterns are deprecated
[INFO] [stdout]   --> src/lexer.rs:45:28
[INFO] [stdout]    |
[INFO] [stdout] 45 |                         'a'...'z' | 'A'...'Z' | '_' => word.push(d),
[INFO] [stdout]    |                            ^^^ help: use `..=` for an inclusive range
[INFO] [stdout] 
[INFO] [stdout] 
[INFO] [stdout] warning: `...` range patterns are deprecated
[INFO] [stdout]   --> src/lexer.rs:45:40
[INFO] [stdout]    |
[INFO] [stdout] 45 |                         'a'...'z' | 'A'...'Z' | '_' => word.push(d),
[INFO] [stdout]    |                                        ^^^ help: use `..=` for an inclusive range
[INFO] [stdout] 
[INFO] [stdout] 
[INFO] [stdout] warning: unnecessary parentheses around function argument
[INFO] [stdout]   --> src/main.rs:13:23
[INFO] [stdout]    |
[INFO] [stdout] 13 |     repl::start("> ", (|s| interpretator::run(&s)))
[INFO] [stdout]    |                       ^^^^^^^^^^^^^^^^^^^^^^^^^^^^ help: remove these parentheses
[INFO] [stdout]    |
[INFO] [stdout]    = note: `#[warn(unused_parens)]` on by default
[INFO] [stdout] 
[INFO] [stdout] 
[INFO] [stdout] error[E0658]: use of unstable library feature 'rustc_private': this crate is being loaded from the sysroot, an unstable location; did you mean to load this crate from crates.io via `Cargo.toml` instead?
[INFO] [stdout]  --> src/repl.rs:1:1
[INFO] [stdout]   |
[INFO] [stdout] 1 | extern crate libc;
[INFO] [stdout]   | ^^^^^^^^^^^^^^^^^^
[INFO] [stdout]   |
[INFO] [stdout]   = note: see issue #27812 <https://github.com/rust-lang/rust/issues/27812> for more information
[INFO] [stdout]   = help: add `#![feature(rustc_private)]` to the crate attributes to enable
[INFO] [stdout] 
[INFO] [stdout] 
[INFO] [stdout] error[E0658]: use of unstable library feature 'rustc_private': this crate is being loaded from the sysroot, an unstable location; did you mean to load this crate from crates.io via `Cargo.toml` instead?
[INFO] [stdout]  --> src/repl.rs:8:32
[INFO] [stdout]   |
[INFO] [stdout] 8 |     fn readline(prompt: *const libc::c_char) -> *const libc::c_char;
[INFO] [stdout]   |                                ^^^^^^^^^^^^
[INFO] [stdout]   |
[INFO] [stdout]   = note: see issue #27812 <https://github.com/rust-lang/rust/issues/27812> for more information
[INFO] [stdout]   = help: add `#![feature(rustc_private)]` to the crate attributes to enable
[INFO] [stdout] 
[INFO] [stdout] 
[INFO] [stdout] error[E0658]: use of unstable library feature 'rustc_private': this crate is being loaded from the sysroot, an unstable location; did you mean to load this crate from crates.io via `Cargo.toml` instead?
[INFO] [stdout]  --> src/repl.rs:8:56
[INFO] [stdout]   |
[INFO] [stdout] 8 |     fn readline(prompt: *const libc::c_char) -> *const libc::c_char;
[INFO] [stdout]   |                                                        ^^^^^^^^^^^^
[INFO] [stdout]   |
[INFO] [stdout]   = note: see issue #27812 <https://github.com/rust-lang/rust/issues/27812> for more information
[INFO] [stdout]   = help: add `#![feature(rustc_private)]` to the crate attributes to enable
[INFO] [stdout] 
[INFO] [stdout] 
[INFO] [stdout] error[E0658]: use of unstable library feature 'rustc_private': this crate is being loaded from the sysroot, an unstable location; did you mean to load this crate from crates.io via `Cargo.toml` instead?
[INFO] [stdout]  --> src/repl.rs:9:34
[INFO] [stdout]   |
[INFO] [stdout] 9 |     fn add_history(entry: *const libc::c_char);
[INFO] [stdout]   |                                  ^^^^^^^^^^^^
[INFO] [stdout]   |
[INFO] [stdout]   = note: see issue #27812 <https://github.com/rust-lang/rust/issues/27812> for more information
[INFO] [stdout]   = help: add `#![feature(rustc_private)]` to the crate attributes to enable
[INFO] [stdout] 
[INFO] [stdout] 
[INFO] [stdout] warning: `...` range patterns are deprecated
[INFO] [stdout]   --> src/lexer.rs:41:16
[INFO] [stdout]    |
[INFO] [stdout] 41 |             'a'...'z' | 'A'...'Z' => {
[INFO] [stdout]    |                ^^^ help: use `..=` for an inclusive range
[INFO] [stdout]    |
[INFO] [stdout]    = note: `#[warn(ellipsis_inclusive_range_patterns)]` on by default
[INFO] [stdout] 
[INFO] [stdout] 
[INFO] [stdout] warning: `...` range patterns are deprecated
[INFO] [stdout]   --> src/lexer.rs:41:28
[INFO] [stdout]    |
[INFO] [stdout] 41 |             'a'...'z' | 'A'...'Z' => {
[INFO] [stdout]    |                            ^^^ help: use `..=` for an inclusive range
[INFO] [stdout] 
[INFO] [stdout] 
[INFO] [stdout] warning: `...` range patterns are deprecated
[INFO] [stdout]   --> src/lexer.rs:45:28
[INFO] [stdout]    |
[INFO] [stdout] 45 |                         'a'...'z' | 'A'...'Z' | '_' => word.push(d),
[INFO] [stdout]    |                            ^^^ help: use `..=` for an inclusive range
[INFO] [stdout] 
[INFO] [stdout] 
[INFO] [stdout] warning: `...` range patterns are deprecated
[INFO] [stdout]   --> src/lexer.rs:45:40
[INFO] [stdout]    |
[INFO] [stdout] 45 |                         'a'...'z' | 'A'...'Z' | '_' => word.push(d),
[INFO] [stdout]    |                                        ^^^ help: use `..=` for an inclusive range
[INFO] [stdout] 
[INFO] [stdout] 
[INFO] [stdout] warning: unnecessary parentheses around function argument
[INFO] [stdout]   --> src/main.rs:13:23
[INFO] [stdout]    |
[INFO] [stdout] 13 |     repl::start("> ", (|s| interpretator::run(&s)))
[INFO] [stdout]    |                       ^^^^^^^^^^^^^^^^^^^^^^^^^^^^ help: remove these parentheses
[INFO] [stdout]    |
[INFO] [stdout]    = note: `#[warn(unused_parens)]` on by default
[INFO] [stdout] 
[INFO] [stdout] 
[INFO] [stdout] error[E0658]: use of unstable library feature 'rustc_private': this crate is being loaded from the sysroot, an unstable location; did you mean to load this crate from crates.io via `Cargo.toml` instead?
[INFO] [stdout]  --> src/repl.rs:1:1
[INFO] [stdout]   |
[INFO] [stdout] 1 | extern crate libc;
[INFO] [stdout]   | ^^^^^^^^^^^^^^^^^^
[INFO] [stdout]   |
[INFO] [stdout]   = note: see issue #27812 <https://github.com/rust-lang/rust/issues/27812> for more information
[INFO] [stdout]   = help: add `#![feature(rustc_private)]` to the crate attributes to enable
[INFO] [stdout] 
[INFO] [stdout] 
[INFO] [stdout] error[E0658]: use of unstable library feature 'rustc_private': this crate is being loaded from the sysroot, an unstable location; did you mean to load this crate from crates.io via `Cargo.toml` instead?
[INFO] [stdout]  --> src/repl.rs:8:32
[INFO] [stdout]   |
[INFO] [stdout] 8 |     fn readline(prompt: *const libc::c_char) -> *const libc::c_char;
[INFO] [stdout]   |                                ^^^^^^^^^^^^
[INFO] [stdout]   |
[INFO] [stdout]   = note: see issue #27812 <https://github.com/rust-lang/rust/issues/27812> for more information
[INFO] [stdout]   = help: add `#![feature(rustc_private)]` to the crate attributes to enable
[INFO] [stdout] 
[INFO] [stdout] 
[INFO] [stdout] error[E0658]: use of unstable library feature 'rustc_private': this crate is being loaded from the sysroot, an unstable location; did you mean to load this crate from crates.io via `Cargo.toml` instead?
[INFO] [stdout]  --> src/repl.rs:8:56
[INFO] [stdout]   |
[INFO] [stdout] 8 |     fn readline(prompt: *const libc::c_char) -> *const libc::c_char;
[INFO] [stdout]   |                                                        ^^^^^^^^^^^^
[INFO] [stdout]   |
[INFO] [stdout]   = note: see issue #27812 <https://github.com/rust-lang/rust/issues/27812> for more information
[INFO] [stdout]   = help: add `#![feature(rustc_private)]` to the crate attributes to enable
[INFO] [stdout] 
[INFO] [stdout] 
[INFO] [stdout] error[E0658]: use of unstable library feature 'rustc_private': this crate is being loaded from the sysroot, an unstable location; did you mean to load this crate from crates.io via `Cargo.toml` instead?
[INFO] [stdout]  --> src/repl.rs:9:34
[INFO] [stdout]   |
[INFO] [stdout] 9 |     fn add_history(entry: *const libc::c_char);
[INFO] [stdout]   |                                  ^^^^^^^^^^^^
[INFO] [stdout]   |
[INFO] [stdout]   = note: see issue #27812 <https://github.com/rust-lang/rust/issues/27812> for more information
[INFO] [stdout]   = help: add `#![feature(rustc_private)]` to the crate attributes to enable
[INFO] [stdout] 
[INFO] [stdout] 
[INFO] [stdout] error: aborting due to 4 previous errors; 5 warnings emitted
[INFO] [stdout] 
[INFO] [stdout] 
[INFO] [stdout] For more information about this error, try `rustc --explain E0658`.
[INFO] [stdout] 
[INFO] [stderr] error: could not compile `arith`.
[INFO] [stderr] 
[INFO] [stderr] To learn more, run the command again with --verbose.
[INFO] [stderr] warning: build failed, waiting for other jobs to finish...
[INFO] [stdout] error: aborting due to 4 previous errors; 5 warnings emitted
[INFO] [stdout] 
[INFO] [stdout] 
[INFO] [stdout] For more information about this error, try `rustc --explain E0658`.
[INFO] [stdout] 
[INFO] [stderr] error: build failed
[INFO] running `Command { std: "docker" "inspect" "81d37474159d7780b73c5d73775b8233bf4440bc512ac8206e6a3da2fc57a226", kill_on_drop: false }`
[INFO] running `Command { std: "docker" "rm" "-f" "81d37474159d7780b73c5d73775b8233bf4440bc512ac8206e6a3da2fc57a226", kill_on_drop: false }`
[INFO] [stdout] 81d37474159d7780b73c5d73775b8233bf4440bc512ac8206e6a3da2fc57a226
